 of 2774514?
1
What is the hundred thousands digit of 1152651?
1
What is the tens digit of 370331?
3
What is the hundred thousands digit of 7105207?
1
What is the millions digit of 1222267?
1
What is the ten thousands digit of 533128?
3
What is the thousands digit of 220707?
0
What is the tens digit of 2133650?
5
What is the hundred thousands digit of 173330?
1
What is the tens digit of 1716609?
0
What is the ten thousands digit of 50078?
5
What is the units digit of 20699480?
0
What is the hundreds digit of 72444?
4
What is the units digit of 878381?
1
What is the thousands digit of 992796?
2
What is the hundreds digit of 252428?
4
What is the thousands digit of 79999?
9
What is the tens digit of 651184?
8
What is the units digit of 193101?
1
What is the hundred thousands digit of 263647?
2
What is the hundred thousands digit of 3639205?
6
What is the thousands digit of 102234?
2
What is the tens digit of 312073?
7
What is the tens digit of 4105325?
2
What is the millions digit of 7970889?
7
What is the hundred thousands digit of 321687?
3
What is the ten thousands digit of 575336?
7
What is the ten thousands digit of 429657?
2
What is the ten thousands digit of 3167094?
6
What is the hundred thousands digit of 10018797?
0
What is the hundred thousands digit of 1747448?
7
What is the units digit of 61665?
5
What is the units digit of 1799920?
0
What is the units digit of 92602?
2
What is the thousands digit of 706368?
6
What is the ten millions digit of 16143804?
1
What is the hundreds digit of 6119272?
2
What is the hundreds digit of 89369?
3
What is the hundred thousands digit of 1178620?
1
What is the hundred thousands digit of 30142686?
1
What is the hundred thousands digit of 1131557?
1
What is the hundred thousands digit of 10235251?
2
What is the millions digit of 4871611?
4
What is the hundreds digit of 4913334?
3
What is the tens digit of 12885363?
6
What is the tens digit of 249998?
9
What is the units digit of 429388?
8
What is the thousands digit of 2688166?
8
What is the ten thousands digit of 1321428?
2
What is the units digit of 1989189?
9
What is the units digit of 16476367?
7
What is the thousands digit of 481715?
1
What is the hundreds digit of 12924412?
4
What is the hundreds digit of 1569106?
1
What is the tens digit of 8188369?
6
What is the hundred thousands digit of 1318636?
3
What is the hundreds digit of 334484?
4
What is the units digit of 2131027?
7
What is the tens digit of 165471?
7
What is the hundred thousands digit of 5134496?
1
What is the units digit of 1563372?
2
What is the millions digit of 1028469?
1
What is the thousands digit of 334563?
4
What is the thousands digit of 184849?
4
What is the hundreds digit of 768222?
2
What is the hundred thousands digit of 3781648?
7
What is the millions digit of 8035495?
8
What is the ten thousands digit of 1432533?
3
What is the thousands digit of 2187878?
7
What is the hundred thousands digit of 943144?
9
What is the units digit of 2431936?
6
What is the thousands digit of 2031948?
1
What is the ten thousands digit of 3315759?
1
What is the units digit of 494899?
9
What is the tens digit of 3612960?
6
What is the thousands digit of 595114?
5
What is the thousands digit of 38319822?
9
What is the hundred thousands digit of 2298361?
2
What is the ten thousands digit of 1200698?
0
What is the tens digit of 773532?
3
What is the units digit of 16209196?
6
What is the tens digit of 99573?
7
What is the tens digit of 1813532?
3
What is the hundreds digit of 19232695?
6
What is the hundred thousands digit of 23515336?
5
What is the tens digit of 280513?
1
What is the hundred thousands digit of 1356355?
3
What is the millions digit of 5547095?
5
What is the tens digit of 25355733?
3
What is the tens digit of 1188165?
6
What is the ten thousands digit of 4071282?
7
What is the units digit of 184226?
6
What is the ten thousands digit of 242597?
4
What is the tens digit of 491441?
4
What is the ten thousands digit of 1269404?
6
What is the ten thousands digit of 1366718?
6
What is the thousands digit of 4542660?
2
What is the ten millions digit of 11906327?
1
What is the tens digit of 358075?
7
What is the hundreds digit of 1016947?
9
What is the ten thousands digit of 769771?
6
What is the hundred thousands digit of 404315?
4
What is the ten thousands digit of 2415332?
1
What is the units digit of 3001217?
7
What is the tens digit of 5048?
4
What is the ten thousands digit of 1288286?
8
What is the thousands digit of 2521753?
1
What is the tens digit of 9695216?
1
What is the thousands digit of 3466866?
6
What is the hundred thousands digit of 140131?
1
What is the ten thousands digit of 29176?
2
What is the thousands digit of 244007?
4
What is the hundred thousands digit of 458908?
4
What is the millions digit of 18328033?
8
What is the ten thousands digit of 103328?
0
What is the tens digit of 384833?
3
What is the units digit of 684002?
2
What is the ten thousands digit of 3063110?
6
What is the thousands digit of 71724?
1
What is the hundreds digit of 2343028?
0
What is the tens digit of 783742?
4
What is the ten thousands digit of 403614?
0
What is the thousands digit of 10303994?
3
What is the units digit of 2632725?
5
What is the hundreds digit of 367003?
0
What is the units digit of 693325?
5
What is the units digit of 1981094?
4
What is the thousands digit of 2386954?
6
What is the hundreds digit of 1861615?
6
What is the units digit of 9865484?
4
What is the tens digit of 227304?
0
What is the thousands digit of 933398?
3
What is the tens digit of 1569901?
0
What is the tens digit of 3042056?
5
What is the hundred thousands digit of 259129?
2
What is the tens digit of 5587811?
1
What is the ten thousands digit of 922729?
2
What is the hundred thousands digit of 5960985?
9
What is the hundreds digit of 30798?
7
What is the millions digit of 1537098?
1
What is the tens digit of 12519419?
1
What is the units digit of 2528643?
3
What is the hundred thousands digit of 133945?
1
What is the millions digit of 1049615?
1
What is the hundred thousands digit of 4162672?
1
What is the hundred thousands digit of 13876256?
8
What is the tens digit of 857846?
4
What is the millions digit of 4100664?
4
What is the units digit of 4631855?
5
What is the millions digit of 5293872?
5
What is the tens digit of 58176?
7
What is the hundred thousands digit of 155170?
1
What is the ten thousands digit of 645212?
4
What is the units digit of 2144690?
0
What is the millions digit of 19556210?
9
What is the units digit of 405936?
6
What is the hundreds digit of 4994476?
4
What is the hundreds digit of 22467867?
8
What is the hundred thousands digit of 3960152?
9
What is the hundred thousands digit of 2691446?
6
What is the ten thousands digit of 37722792?
2
What is the thousands digit of 3693274?
3
What is the ten thousands digit of 765235?
6
What is the hundreds digit of 24635226?
2
What is the thousands digit of 67442?
7
What is the tens digit of 6215258?
5
What is the ten thousands digit of 3776680?
7
What is the tens digit of 19411020?
2
What is the units digit of 52908?
8
What is the hundreds digit of 150274?
2
What is the hundred thousands digit of 34781747?
7
What is the tens digit of 8477891?
9
What is the hundred thousands digit of 272938?
2
What is the ten thousands digit of 247302?
4
What is the thousands digit of 324608?
4
What is the ten thousands digit of 5835987?
3
What is the units digit of 16251800?
0
What is the units digit of 8281987?
7
What is the ten thousands digit of 3049522?
4
What is the hundreds digit of 160851?
8
What is the units digit of 1793786?
6
What is the thousands digit of 34722299?
2
What is the tens digit of 3341154?
5
What is the thousands digit of 5635634?
5
What is the hundreds digit of 257583?
5
What is the thousands digit of 1241643?
1
What is the hundreds digit of 501708?
7
What is the units digit of 327063?
3
What is the hundreds digit of 4817845?
8
What is the tens digit of 11179675?
7
What is the units digit of 35610?
0
What is the units digit of 501194?
4
What is the units digit of 138921?
1
What is the thousands digit of 304992?
4
What is the units digit of 232166?
6
What is the thousands digit of 1086783?
6
What is the ten thousands digit 